 + 41430. Calculate d(s).
12
Let w(d) be the second derivative of -d + 2/3*d**3 - 18 - 1/20*d**5 - 5/12*d**4 + 3/2*d**2. Give w(-6).
15
Let i = -5181/2 + 2592. Let o(q) be the first derivative of 4*q - 2/3*q**3 + 3 + i*q**2. Give o(3).
-5
Let f(x) = -735 + 3297 - 97*x - 1504. Give f(11).
-9
Let g(z) = 3 + 0 + 4*z - 6 + z**3 + 5*z**2. Suppose 153 = -4*i - 159. Let h = i + 74. Calculate g(h).
-3
Suppose 0 = 101*d - 96*d - 195. Let k(r) = 48 - r + d - 62. Determine k(25).
0
Suppose 2097*m - 63 = 2076*m. Let w(r) = -r**3 + 3*r**2 - 3*r. Determine w(m).
-9
Let c(l) = l**3 + 75*l**2 - 73*l + 235. Let g be c(-76). Let j(f) = f**2 - 13*f + 37. Give j(g).
-5
Let f(b) = b**3 - 4*b**2 + 2*b - 2. Let t(u) = -9*u + 39. Let d be t(-14). Let o = d - 161. Give f(o).
6
Let w(i) = 4*i + 32. Let s(f) = 2*f**2 + 28*f + 38. Let m be s(-12). Give w(m).
-8
Let j(m) = -15 + 5 + 13 + 6*m**2 + 2 + m**2 - 8*m - m**3. Give j(7).
-51
Let b(r) = 2*r**3 - 3*r**2 + 106*r + 20. Let s(j) = 5*j**3 - 8*j**2 + 254*j + 49. Let l(x) = 12*b(x) - 5*s(x). What is l(3)?
10
Let i(x) = 2*x**2 - 6*x - 3. Let g be 8/(4 - 14/7). Let l be ((-150)/20)/((-6)/g). Determine i(l).
17
Let m(x) be the third derivative of x**6/120 + x**5/12 - x**4/8 - x**3 + x**2. Let c be -7 + 13 + -11 + 4. Let u be (c - 0)/(-6 + 200/32). Determine m(u).
22
Let w(o) = -o**2 - 7*o - 21. Suppose 10 = -2*s + 2*a, -2*s - 34 = -5*a - 18. Give w(s).
-9
Let j(s) = -s**2 + 5*s + 1. Suppose 37*x + 450 = 47*x. Suppose -57*c + x*c + 48 = 0. What is j(c)?
5
Let v(z) = z**2 - z + 14. Suppose 8856 - 2487 = 11*n. Let f = -579 + n. Give v(f).
14
Let v(u) = -102 + 51 + 53. Let r(h) = -h + 25. Let q(t) = -r(t) + 3*v(t). What is q(14)?
-5
Let x(k) = -10*k. Let c = -49 + 52. Suppose 7*i - 2*i = h - 11, c*i = -6. What is x(h)?
-10
Let b(o) = 20*o + 593. Let v be b(-29). Let g(p) = -4*p**3 + 17*p**2 - 16*p + 5. Let a(z) = -z**3 + z**2 - z. Let c(k) = 3*a(k) - g(k). Determine c(v).
-5
Let w(v) = v**2 - 9*v - 33. Suppose -2*q - m - 5 = -33, 5*m = 20. What is w(q)?
3
Let b(u) be the second derivative of -u**4/6 + u**2/2 + 2*u. Suppose w - 3*m - 202 = 0, -3*w - 3*m - 460 = -1114. Suppose w*q - 216*q - 2 = 0. What is b(q)?
-1
Let v(f) be the third derivative of -f**5/60 - f**4/12 + f**3/3 - 5*f**2. Let s(c) = c**3 - 38*c**2 + 33*c + 144. Let h be s(37). Calculate v(h).
-6
Let r(s) be the third derivative of -s**6/120 + 17*s**5/60 - s**4/24 + 7*s**3/3 - 820*s**2. Calculate r(17).
-3
Let f(u) = u**2 - 13*u - 23. Let x be 4/(-6)*(-294)/14. Determine f(x).
-9
Let i(x) be the third derivative of -4*x**6/15 - x**5/30 + x**4/12 - x**3/6 + 2275*x**2 + x. Suppose f - 1 = -0. What is i(f)?
-33
Suppose 3 = 5*t - 27. Let x(h) = -h. Let q be x(t). Let w(y) be the second derivative of y**5/20 + 5*y**4/12 - y**3 + 3*y**2/2 + 134813*y. Give w(q).
3
Let z(r) = r**3 + 5*r**2 + r + 7. Suppose 29*n - 77 = 22*n. Suppose 0 = -n*v - 29 - 26. Determine z(v).
2
Suppose -53*g = -59*g - 18. Let z(c) = 2*c. Give z(g).
-6
Suppose 453 = -141*t + 17 + 13. Let g(n) = -10*n - 3. Give g(t).
27
Let h(g) be the second derivative of -g**4/24 - 8*g**3/3 + 17*g**2/2 + 126*g. Let l(v) be the first derivative of h(v). Determine l(-7).
-9
Let s(q) = -q**3 + 2*q**2 + q + 1. Suppose 0*p + x - 7 = -3*p, 5*p + 2*x - 11 = 0. Let v = -50 - p. Let n = v + 55. Give s(n).
3
Let y(o) = -o**3 - 6*o**2 - 2*o - 6. Let f(g) = -2*g + 43. Let s(n) = -n**2 + 20*n + 2. Let r be s(21). Let a be f(r). Let h = 75 - a. Determine y(h).
6
Let v(n) be the second derivative of n**5/20 - 5*n**4/4 + 13*n**3/3 - 5*n**2 + 3*n + 2234. Determine v(13).
-10
Let i(r) = 7 - 902*r + 1804*r - 907*r. Determine i(-7).
42
Let m(c) = -48*c - 69. Let j(r) = -2*r + 16. Let x(a) = 5*j(a) - m(a). What is x(-4)?
-3
Let a be -13 + 14 + 5 + -13. Let j(x) = -3*x - 13. What is j(a)?
8
Let g = 3478 + -3469. Let t(b) = 2*b**3 - 18*b**2 + 2*b - 7. What is t(g)?
11
Let j(l) = -15*l**2 + 35*l - 5. Let t be j(2). Let b(d) = -d**2 - 28*d + 161. Determine b(t).
-4
Let x be 14/(-9) + 858/(-594). Let c(l) = 2*l**2 - 2*l + l + 4*l. Calculate c(x).
9
Let g(n) = 407*n + 415*n - 821*n + 2. Let b(l) = -l**2 + 2*l - 6. Let o be b(2). What is g(o)?
-4
Suppose 3*k - 4*o - 6 = 2*k, -4*k = 5*o - 24. Suppose 0 = -5*m - 2*m + 133. Let l(v) = 47 - v**2 + k*v - 2*v - 20 - m. Give l(7).
-13
Suppose 0*p + p - 4 = 0. Suppose -p*z = -43 + 19. Suppose o + 15 = z*o. Let g(v) = v**2 - 4*v - 3. Give g(o).
-6
Let a(g) = 2*g**2 - 47*g + 1. Let t(f) = -f**2 + 12*f. Let m(z) = a(z) + 4*t(z). Calculate m(3).
-14
Let m(f) = -f**2 - 3*f - 1. Let n(h) = -14*h + 203. Let x be n(13). Suppose 3*y + y + c = -8, 0 = 3*y - 3*c + x. Calculate m(y).
-1
Let y be 12/(-3)*4 + 14. Let b(m) be the second derivative of m**4/6 + m**3/6 + 5*m. Calculate b(y).
6
Let x(s) be the first derivative of -s**3/3 - 3*s**2 - 4*s + 7246. Let u(i) = i. Let h be u(-6). Give x(h).
-4
Let v(t) = 7*t - 2. Let a = -26 + 27. Let q be v(a). Let j(i) = 4 - q*i - 10 + 9. What is j(3)?
-12
Let m(n) = -n + 1. Let l(f) = -f**3 + 13*f**2 - 7*f - 38. Let o be l(12). Let a be (-55)/o*(-4)/(-5) - 4. What is m(a)?
7
Let b(w) = w**3 - 27*w**2 + 50*w + 10. Let r(o) = -25*o**3 - 4*o**2 - 36*o - 32. Let t be r(-1). Give b(t).
10
Let c = 1814 - 1810. Let z(j) = 20*j + 4. What is z(c)?
84
Let c = 35 + -75. Let r = c + 36. Let j be (r/(-3))/((-12)/18). Let b(n) = -n**2 + 2. What is b(j)?
-2
Let z(x) be the third derivative of -3*x**5/20 + 5*x**4/24 - 2*x**3/3 + 5680*x**2. What is z(3)?
-70
Let k(a) = 3*a**2 + 8*a + 5. Let v(j) = -j**2 - 3*j - 2. Let u(c) = -2*k(c) - 7*v(c). Let p be (-2 + 3)*5/30*6. Let t = p + -6. Calculate u(t).
4
Let w(q) = -q. Let i be w(-2). Suppose b + i*d - 3 = 0, 1 - 5 = -2*b - 5*d. Let h be (1 - -4)/((-4)/(b + -3)). Let t(x) = x + 1. Calculate t(h).
-4
Let y(r) = -9*r**3 - 25*r**2 + 11*r - 54. Let f(c) = -7*c**3 - 24*c**2 + 13*c - 54. Let o(q) = 5*f(q) - 4*y(q). Determine o(19).
-16
Suppose -5*u - y = 3*y + 8, -5*y - 10 = -4*u. Suppose 2*o + 0*b + 4*b - 18 = u, -4*o + b = -9. Let i(s) = 0*s - o*s + 3 + 2*s - 1. Calculate i(-5).
7
Let s be 52 - (0/4)/1. Let v be (-3 - (-1 + 1))*s/39. Let n be (26/v + (-18)/(-12))/(-1). Let j(a) = a**3 - 5*a**2 + a - 3. What is j(n)?
2
Let q(g) = 3*g - 27. Let u(k) = -4*k - 7. Let c be u(-4). Let h be q(c). Suppose h = -10*z - 7 + 27. Let r(o) = 3*o**2 - 4*o + 2. Calculate r(z).
6
Let v be (8/32)/((-6)/(168/(-14))). Let f(d) be the first derivative of -2*d - 1/4*d**4 + 22 + 0*d**3 - v*d**2. What is f(-2)?
8
Let v(l) be the second derivative of l**5/20 - 19*l**4/12 + 7*l**3/2 - 34*l**2 - 8700*l. Calculate v(18).
-14
Let c(l) = 115 + 132 - 4798*l + 223 + 4767*l. What is c(15)?
5
Let v(a) = 4*a**2 + 27*a + 39. Let n(r) = 6*r**2 + 41*r + 55. Let m(b) = 5*n(b) - 7*v(b). Calculate m(-8).
2
Let q(l) = -2*l - 2. Let o = 64 - 62. Suppose o*t + 3*g + 33 = 4*t, t = -g + 14. Suppose 13*d = t*d + 8. Calculate q(d).
6
Let x(k) = 8*k. Suppose -5*n + 20 = -2*n - 5*h, 3*h = -12. Let f(b) = b - 2. Let w be f(6). Suppose 3*z + 9 = n, 3*y - 2*z + 1 = w. Give x(y).
-8
Let f be (6/(-5))/(-3)*-5. Let l be (82/(-164))/((1/18)/(-1)). Let p(u) = -9 - 2 + l - 4*u. Give p(f).
6
Suppose 56 = 4*b - 4*r, -6 = b + 9*r - 6*r. Let q(p) = p. Let c(d) = d**2 - 17*d + 11. Let j(x) = c(x) + 5*q(x). Give j(b).
-16
Let n(w) = 2*w**2 - 4*w - 1. Let r(b) = 2*b**2 - 4*b - 3. Let i(p) = -3*n(p) + 2*r(p). Give i(-3).
-33
Let g(h) be the second derivative of -h**4/6 + 7*h**3/3 - 11*h**2 + 996*h + 1. Calculate g(7).
-22
Let c = -429 - -432. Suppose -c*p = -n + 8, p = n + 4*p + 22. Let s(g) = g**2 + 9*g + 2. Calculate s(n).
-12
Let c = -1408 - -1402. Let w(l) be the second derivative of l**3/3 - l**2 - 2*l. Give w(c).
-14
Let i(g) = g**2 + 19*g + 30. Let x = -344 + 327. Let f be i(x). Let j(p) = 2*p - 4. Calculate j(f).
-12
Let j(v) = -6*v**3 - v. Suppose 0 = 446*d - 348*d + 98. Give j(d).
7
Let o(c) = 0*c + 7*c + 2*c - 7*c - c. Let b = 13 - 2. Suppose -6 + b = -l. What is o(l)?
-5
Let n(c) = 169*c - 17. Let o(x) = 28*x - 1. Let w(y) = n(y) - 6*o(y). Determine w(8).
-3
Let p = 2858 - 2862. Let c(o) = -2*o**2 + o + 41. Give c(p).
5
Let c(y) = 33 - 5*y - 33 + 6*y. Let x(j) be the first derivative of -j**3/3 + 7*j**2/2 + 1. Let t(u) = 6*c(u) - x(u). What is t(2)?
2
Suppose 34*t + 28 = -40. Let v(p) = 8*p**3 + 